se v = -4*i + 2*i + 4. Let r = 7 + i. What are the prime factors of r?
3
List the prime factors of ((-19 - -9) + 9)/((-2)/3066).
3, 7, 73
Let w(t) = t + 2. Let o(v) = -v**2 - 7*v - 4. Let h be o(-6). Let u be ((-2)/(-6))/(h/12). List the prime factors of w(u).
2
Suppose 2*m = 4*m - 4, 3*k + 6 = -3*m. What are the prime factors of (2 + 2 - 6)*k?
2
Let p(u) = 982*u - 78. What are the prime factors of p(2)?
2, 23, 41
Suppose -8*z = -3*z - 5, 24 = 5*r - z. Suppose -5*w - r*h = -50, 0 = 4*w - 5*h - 9 - 76. List the prime factors of w.
3, 5
Let s(k) = -1. Let a(i) = 5*i + 4. Let y(t) = a(t) + 4*s(t). Let b be y(-1). Let r(w) = w**2 + 2*w + 3. List the prime factors of r(b).
2, 3
Let v(b) = 2*b**2 + 3*b + 1. Let d be v(-5). Let w be d/9 - (0 - 1). Suppose i - 65 = -w*z, 3*i = -z - 75 + 256. List the prime factors of i.
2, 3, 5
Let g(q) = q + 6. Let k(w) = -w**3 + 5*w**2 + 4*w - 4. Let t be k(5). List the prime factors of g(t).
2, 11
Suppose 2*m = 15 + 25. Suppose 3*j + m = 8. Let y(r) = 2*r**2 + 5*r + 1. List the prime factors of y(j).
13
List the prime factors of (3 - (-8)/(-3)) + (-166881)/(-99).
2, 3, 281
Let p(o) = -18*o + 363. What are the prime factors of p(0)?
3, 11
List the prime factors of (176/220 + 21/(-20))*-12692.
19, 167
Let n(l) = 5*l**2 + 14*l + 9. What are the prime factors of n(16)?
17, 89
Let l be 10*18*40/25. Let z(n) = -26*n + 4. Let b be z(-3). Suppose -5*a - 2*t + l = 0, 2*a - 29 = -5*t + b. List the prime factors of a.
2, 29
Suppose 62393 = 17*j - 6610. List the prime factors of j.
3, 11, 41
Suppose -24*v = -22*v. What are the prime factors of (-8 + v)*105/(-6)?
2, 5, 7
Let n(b) = b**2 + b - 6*b + 5 - 17. List the prime factors of n(7).
2
Suppose 3*z = g + 2013, -1998 = -18*z + 15*z - 4*g. What are the prime factors of z?
2, 5, 67
Let j be 8/52 - (-3896)/26. Suppose 5*w - j = -60. Suppose n = w - 4. List the prime factors of n.
2, 7
Suppose -l - 652 = -5*l. Suppose -7*s + l = 37. What are the prime factors of s?
2, 3
Suppose -3*v + 14 = -5*v. Let x(p) = p + 7. Let o be x(v). Suppose o*k = k - 23. What are the prime factors of k?
23
Let n(c) = 10*c**3 - c**2 - 3*c - 1. Let p be 1/(-3) - (-4)/(-6). Let v be n(p). List the prime factors of (-190)/(-15)*v/(-6).
19
Let w = -5874 + 8367. List the prime factors of w.
3, 277
Suppose 0 = -4*q + 24 + 20. Suppose 2*m = -m + r + q, 5*m + 2*r - 33 = 0. Let g(p) = p**2 - p + 5. List the prime factors of g(m).
5
Let b(z) = -z**3 - 12*z**2 - 11*z + 5. Let l be b(-11). Suppose -10 = l*u - 10*u. Suppose 0 = -n - 1 - u, 5*f + 5*n = 10. List the prime factors of f.
5
Suppose -2*p + 87 = 819. Let q = -261 - p. What are the prime factors of q?
3, 5, 7
Let b(k) be the second derivative of 0*k**2 - 3/2*k**5 + 0 - 1/6*k**4 - 1/6*k**3 + 9*k. List the prime factors of b(-1).
29
Let g be (-6)/9*(-5)/(15/(-81)). What are the prime factors of 27954/162 - 8/g?
173
Let a = 2 - -1. Suppose -5*p - 4*z = -3*z + 164, a*p + z = -100. Let n = 29 - p. List the prime factors of n.
61
Let c be -3 - (-5 - -3) - 1. Let i be (c/5)/((-2)/10). Suppose i*o - 24 = 12. List the prime factors of o.
2, 3
Suppose -53*a + 65*a - 48816 = 0. List the prime factors of a.
2, 3, 113
Suppose 2*l - 4*l + 56 = 0. Let c = 10 - -1. Let i = l - c. What are the prime factors of i?
17
Let y(l) = -3*l**2 + 7*l + 23. Let u(o) = -8*o**2 + 20*o + 68. Let h(k) = 4*u(k) - 11*y(k). Let b be h(0). What are the prime factors of (b/1)/(5/10)?
2, 19
Let g(i) = -i**3 + 23*i**2 + 32*i + 101. List the prime factors of g(20).
3, 647
Let g(f) = -2*f - 11. Let x be g(-5). Let c be x + 5 + 9/(-9). Suppose -5*y = -5*t - 23 + 173, -c*y + 66 = 3*t. What are the prime factors of t?
2, 13
Suppose -2*b - 2*t = -3*b - 12, 3*b + 34 = 5*t. Suppose 10*c - 330 = -c. What are the prime factors of (-128)/12*c/b?
2, 5
Let r(p) = p**3 - 31*p**2 - 34*p + 64. Let a be r(32). Suppose -4*m + 2*j + 678 - 132 = a, 4*m + 4*j = 576. What are the prime factors of m?
139
Suppose -w + 8 = w. Suppose -3 = 7*s - 6*s, u + w*s - 14 = 0. List the prime factors of u.
2, 13
Let b = 34 + 51. Suppose 15 = 4*u - b. Let l = 43 - u. List the prime factors of l.
2, 3
What are the prime factors of (-56095)/(-130)*(0 - 6)*-1?
3, 863
What are the prime factors of 1347/(8/(-12) + (-13)/(-6))?
2, 449
Let w(b) = 10*b**2 - 2*b - 150. What are the prime factors of w(13)?
2, 757
List the prime factors of (-86521)/(-93)*(0 + -2 - -5).
2791
Let b(f) = f**2 + 4*f + 20. Let u = -33 - -21. What are the prime factors of b(u)?
2, 29
Let x = -16 + -1. Let v(j) = j**2 + 15*j + 15. What are the prime factors of v(x)?
7
Suppose 0 = 4*d - d - 27. Suppose -30 = 3*u - d*u. What are the prime factors of ((-128)/(-20))/(2/u)?
2
Suppose 159*p - 14280 = 144*p. List the prime factors of p.
2, 7, 17
Let s be (6 + -1 - -1) + -2. Let j = -13 + 16. Suppose l = j*y + 40, s*l + y - 2*y = 116. What are the prime factors of l?
2, 7
Suppose 0 = 4*g - 111 - 81. Suppose 4*b - g = -3*q, -q = 4*q + 4*b - 72. Suppose 0 = -w + q - 1. List the prime factors of w.
11
Let p(l) = -2*l**3 - 4*l + 3. Let v be (-55)/15 - (-6)/9. List the prime factors of p(v).
3, 23
Suppose -5*u - 6 + 5 = -4*c, -5*u + 11 = -c. What are the prime factors of 409/2 - u/2?
7, 29
Suppose 0 = -2*d + 633 + 1349. What are the prime factors of d?
991
Let o be (-10)/(-65) - 115/(-13). Suppose 6*x - o*x - 24 = 0. Let d(y) = -y**2 - 8*y + 15. What are the prime factors of d(x)?
3, 5
Suppose -4*v - 284 = -8*v. Let b(g) = 13*g**2 - 5*g + 1. Let q be b(-3). Let d = q - v. What are the prime factors of d?
2, 31
What are the prime factors of (-60)/(-3)*(-5 + 34)?
2, 5, 29
Suppose 5*z + 4*d = 1408, 2*d + 6 = 5*d. List the prime factors of z.
2, 5, 7
What are the prime factors of ((-3)/(-4))/(-7*21/(-834960))?
2, 3, 5, 71
Suppose 28947 = 29*k - 18816. What are the prime factors of k?
3, 61
Let v = 7 + -3. Suppose 8*h = v*h + 480. What are the prime factors of 0 + (h/(-3))/(-2)?
2, 5
Let r(x) = -x**3 + 3*x**2 + 10*x - 2. Let k be r(8). Let u = k + 350. Let j = -76 + u. List the prime factors of j.
2
Let h be 54/10 - 4/10. Suppose -h*t = 50 - 0. Let b = 34 + t. List the prime factors of b.
2, 3
Let y(z) = -z**2 + 24*z - 8. Let p be y(17). Suppose -5*f + 4*h = -270, -p = -2*f + 3*h - 2*h. Suppose 2*l = 8 + f. List the prime factors of l.
3, 11
Suppose 4*j - 38 = 5*n, -2*j - 3*n = -5*n - 18. Suppose j + 7 = b. List the prime factors of b.
2, 7
List the prime factors of (3468/(-8) + -10)/(1/(-2)).
887
Suppose -f - 3*j + 23 - 1 = 0, -126 = -5*f + j. Suppose -10 = -q - f. What are the prime factors of 324/20 - 12/q?
17
Let w be 2*((-8)/(-4) + -1). Suppose -b = w*z - 62, -2*z + 4*b = 8 - 80. List the prime factors of z.
2
Let u(j) = -2*j**2 + 2*j - 4. Let s(k) = -k**2 + k - 3. Let h(f) = 5*s(f) - 6*u(f). What are the prime factors of h(5)?
149
Let k(z) = 2*z**2 - 14*z - 178. List the prime factors of k(-21).
2, 499
Let s(z) = 16*z - 7. Let i be s(-10). Let d = i - -340. List the prime factors of d.
173
Suppose 2*y - 3*x + 5685 = 5*y, 0 = 4*y - 2*x - 7556. List the prime factors of y.
31, 61
Let k = -5 - -12. Suppose q + 5*b = -k, -2*q = -0*q + 5*b + 4. Let o(u) = u + 1. What are the prime factors of o(q)?
2
Let o be (2/(-4))/(5/(-30)). Suppose o*u = 124 + 86. List the prime factors of u.
2, 5, 7
What are the prime factors of (-3)/(-2) - ((-134645)/(-10))/(-7)?
5, 7, 11
Let y(l) = l. Let g be y(0). Let p(o) = o**3 - 4. Let s be p(g). List the prime factors of (4 - (-22)/s)*-14.
3, 7
Let v = -106 - -114. Suppose 5*w - 11*z = -v*z + 530, -2*z + 555 = 5*w. What are the prime factors of w?
109
Let f(j) = 7*j + 135. List the prime factors of f(10).
5, 41
Suppose c + c - 56 = 0. Suppose -o + 29 = -3*b - 2*b, 0 = 4*o + 2*b - c. List the prime factors of 393/o + 8/(-12).
43
Let p = -3 + 7. Suppose -3*i = -5*u - 0 - 2, 3*u = -3*i + 18. Suppose u + 122 = p*z. List the prime factors of z.
31
What are the prime factors of (-7)/(-5 + (-1145)/(-230))?
2, 7, 23
Let x(m) = m**3 - 9*m**2 + 9*m. Let o be x(8). Let y be 3/(-12) - 78/o. List the prime factors of (-406)/y + (-2)/(-5).
41
Let d(q) = 662*q**3 - 14*q**2 + 11*q + 4. List the prime factors of d(2).
2, 2633
Let o be (2/(-4))/((-1)/4). Suppose 24 = -86*s + 92*s. What are the prime factors of (o/10)/(s/60)?
3
Let x = 654 + -317. List the prime fac